
27
Let y be 42/4 - 1/2. Suppose 0 = -3*i + 2 + 10. Let q = y + i. What is the highest common factor of 126 and q?
14
Suppose 0 = -7*w + 13*w - 78. Let z(c) = -4*c**3 + 2*c**2 + 4*c + 3. Let y be z(-3). What is the greatest common divisor of w and y?
13
Suppose -5*d - 3*x = -5, x - 25 = -5*d + 2*x. Let a(n) = -n**2 - 6*n - 4. Let l be a(-4). What is the greatest common factor of d and l?
4
Let o(b) = 1 + 0 + 3*b**2 + 4 - b - 4. Let g be o(-2). Calculate the highest common divisor of g and 45.
15
Let u = -51 + 86. What is the highest common divisor of 35 and u?
35
Let u be -3*((-228)/18 - -2). What is the highest common factor of u and 352?
32
Suppose 84 = 4*u + 4*z, u + 2*z - 8 = 14. Let b(y) = -y**3 - y**2 + 2. Let q be b(-3). What is the highest common factor of u and q?
20
Suppose 20 = -3*t + 8*t. Suppose -t*z = -f + 9 + 2, -3*f - 5*z - 1 = 0. Let n be (-4)/14 + 138/42. What is the greatest common divisor of n and f?
3
Let y = 41 + -23. Calculate the highest common divisor of y and 54.
18
Let i = 4 - 2. Suppose 5*m = -5*f + 40, -f + 0*f = -5*m + 70. Suppose 0*t - 3*t + 39 = 4*p, -i*p - m = -t. Calculate the highest common factor of t and 104.
13
Let d(w) = w**3 + 2*w**2 - w. Let l be d(1). Let h be (-25)/10*1*-2. Suppose h = f + 1. Calculate the greatest common factor of l and f.
2
Let o = -285 - -413. Calculate the highest common divisor of o and 32.
32
Suppose 0 = -2*a - 3*v + 4*v + 536, -a + 274 = v. Suppose -o = -4*o + a. Suppose -3*h - 36 = -4*h. What is the greatest common divisor of o and h?
18
Let s = 66 - 30. Suppose -5*o + 2*u = -50, 0 = -2*o + u + 4*u - 1. Calculate the highest common factor of s and o.
12
Suppose -2*g + 12 = -2*x - 10, -2*x = g - 23. Suppose -4*j = 4*f + 4, -5*f = 12*j - 9*j + 11. What is the highest common factor of j and g?
3
Suppose 6*h - 38 = 4*h. Suppose -5*k + 5*q - q + 170 = 0, 137 = 4*k - 3*q. Calculate the greatest common divisor of k and h.
19
Let j = -8 - -10. Suppose 2*k - 16 = -j*k. Calculate the greatest common factor of 4 and k.
4
Let l(o) = 12*o**2 + 3. Let t be l(2). Calculate the greatest common factor of 34 and t.
17
Let l be 36/(6/(-10) - -1). Suppose -4*i + 36 = c, -28 = -0*i - 2*i + 2*c. What is the greatest common divisor of l and i?
10
Suppose 4*s - 20 = 0, 0*s - 21 = -2*c + s. What is the greatest common divisor of c and 65?
13
Let h be 8/6*360/16. What is the greatest common factor of 270 and h?
30
Let b be 14/(-1)*(2 - 4). Let g = -15 + b. What is the greatest common factor of 26 and g?
13
Let m(c) = c**2 - 8*c - 9. Let d be m(9). Suppose d = 4*f - 226 - 138. Calculate the greatest common factor of f and 13.
13
Let f(j) = -j**2 + 15*j - 9. Let s be f(14). Suppose 53 + 17 = s*y. What is the greatest common divisor of 35 and y?
7
Let t be (14/5 + -2)*25. Suppose 2*f + 0*f = 60. Calculate the greatest common divisor of f and t.
10
Suppose 2*k - 5*k + 18 = 0. Let w be (-59)/5 + k/(-30). Let v be -6*(w/9)/2. Calculate the greatest common factor of v and 44.
4
Suppose 4*o = -m + 25, -15 = -o - 4*m + 10. Let j = -2 + o. Suppose u - 15 = -4*u + 2*l, 4*u + j*l = -11. What is the greatest common factor of u and 2?
1
Let g be ((-9)/1 - 1)*-6. Let a be ((-3)/(-4))/(3/g). What is the highest common factor of a and 6?
3
Suppose 5*c = -5*v + 265, 5*v - 5*c = -13 + 238. Calculate the highest common divisor of 14 and v.
7
Let r be 2 - (-4*16 + 3). What is the greatest common divisor of 7 and r?
7
Let d(o) = o**2 - 5*o. Let j be d(9). Let c(x) = 5*x + 2. Let s be c(2). Calculate the highest common factor of s and j.
12
Let y = 13 - 13. Suppose y = 2*a - 3*a + 11. Calculate the highest common divisor of 33 and a.
11
Suppose -2*j - j - 2*q = 10, -3*j - 26 = -2*q. Let l(i) = -7*i - 7. Let x be l(j). Calculate the highest common factor of 7 and x.
7
Let f = -171 + 243. Let x = 58 - 40. What is the highest common factor of x and f?
18
Let o be ((-6)/(-9))/((-3)/(-54)). Calculate the highest common factor of o and 84.
12
Let m = -31 + 166. Calculate the greatest common divisor of m and 90.
45
Suppose 50 = 27*y - 22*y. Let q = 8 - 6. Let b(i) = 4*i**3 + i**2 + 2*i. Let c be b(q). What is the highest common factor of y and c?
10
Let b(w) be the second derivative of -3*w**5/10 - w**4/12 - w**3/6 + w**2/2 + 6*w. Let d be b(-1). What is the highest common divisor of d and 28?
7
Let a = 117 + -82. Calculate the highest common factor of 14 and a.
7
Suppose 0 = -4*q + 4 + 20. Suppose 4*b + 64 = u, -u + 5*b = -3*u + 76. What is the highest common factor of u and q?
6
Let q be (-1)/((-9)/5 + 2). Let g be 4/(-10) - 62/q. Let n = 123 + -87. What is the highest common factor of n and g?
12
Suppose 3*c - q - 3*q = 140, -3*q = 2*c - 82. What is the greatest common factor of c and 11?
11
Suppose 3*n = 2*n + 10. Let v(l) = 2*l**2 + l + 5. Let y be v(7). What is the greatest common factor of y and n?
10
Let w be 150/54 + 4/18. Suppose -w = t + 5*f, t + 4*f + 2 = -0. Let k be t/7 + (-94)/(-14). What is the greatest common factor of 1 and k?
1
Suppose -3*u + z = 3*z - 26, u + 5*z = 0. Let c = -11 + 16. Calculate the highest common divisor of c and u.
5
Suppose -49 + 4 = -3*a. Suppose 0 = -0*f + f + 5*l - 40, -10 = -f + l. What is the highest common divisor of f and a?
15
Suppose 4*q = -2*m - 6, -4*q + 4*m + 0*m = 24. Let n = 17 + q. What is the greatest common factor of 98 and n?
14
Let s be -2 + 120/54 - 158/(-18). Calculate the greatest common divisor of s and 45.
9
Suppose -2*d - 2*q = -d + 2, -3*d - 4 = 5*q. Suppose -5*o = -d*o - 21. Calculate the highest common divisor of 49 and o.
7
Suppose -2*k = -73 - 7. Calculate the greatest common factor of k and 30.
10
Let k(n) = -7 - 4 - n + 5. Let t be k(-7). What is the highest common factor of t and 1?
1
Let k be (-4)/(-8)*(-1 - -3 - -152). Suppose 4*h - 53 = -2*v - 3, -3*h = 2*v - 39. What is the highest common divisor of h and k?
11
Let d = -406 + 601. What is the greatest common factor of 39 and d?
39
Suppose -z = 5*i - 3*z, i + z = 0. Suppose i*v = 4*v + b - 188, -4*v + 4*b = -208. Calculate the highest common factor of 24 and v.
24
Let z(f) be the second derivative of 3/4*f**4 + 3*f + 5/3*f**3 + 0 + f**2 + 1/20*f**5. Let y be z(-7). What is the greatest common divisor of 12 and y?
6
Let i(u) = -u**3 - 7*u**2 - 6*u + 3. Let r be i(-6). What is the highest common divisor of r and 21?
3
Let b = 13 + -9. Suppose 2*i = -2*t + b, -4*i + 4*t = 3*t - 8. Calculate the highest common divisor of i and 10.
2
Let n(s) = 0*s**3 - 6*s**3 + 2 + 4*s**3 - s + 3*s**3 - s**2. Let y be n(3). Calculate the highest common divisor of 34 and y.
17
Suppose 2*m - 8 = 0, 7*m = -r + 4*m + 28. Let l(f) = -6*f + 2*f**2 + 0*f**2 - 3*f**2 - 6. Let j be l(-4). Calculate the greatest common factor of j and r.
2
Let s = 38 + -20. Suppose -3*k + 597 = 3. Calculate the highest common factor of k and s.
18
Suppose -5*t + 218 = 4*k + 63, 0 = -4*t - 20. Let a = -41 + 101. Suppose -5*f + a = -f. Calculate the highest common factor of f and k.
15
Suppose 0 = 9*x - 7*x - 10. Let f be ((-48)/x)/((-4)/50). What is the greatest common divisor of f and 24?
24
Let i be 3 + -4 - 5*-1. Suppose i*p = p. Let x be (p/1)/3 + 32. What is the greatest common divisor of 8 and x?
8
Suppose 0 = -0*q + q - 5. Suppose -4*s + 44 = 4. What is the highest common divisor of q and s?
5
Let m be 2/(-8) + 266/8. Let x be m + (-6)/((-9)/3). Let n be (1 - -5) + (0 - 1). What is the highest common factor of x and n?
5
Suppose -4*f + 2*c - c = -10, -13 = -3*f - 2*c. What is the highest common divisor of f and 3?
3
Suppose 0 = 2*i - 3 - 39. Suppose -4*g + 75 = -i. Let c be (-44)/(-3) + 8/g. Calculate the greatest common factor of 60 and c.
15
Let b = 47 - -16. Let u be 4 + (-3)/(3/2). Suppose 35 = 3*d + u*d. What is the greatest common divisor of d and b?
7
Let j be 6*1*(-16)/(-6). Suppose 0 = -4*q + 2*a + 3*a - 9, -15 = -3*a. Calculate the greatest common factor of q and j.
4
Let c be (0 + (-1 - 4))/(-1). Suppose 29 = t - l + 4, 3*l - 93 = -c*t. Calculate the greatest common divisor of 231 and t.
21
Let b(x) = 3*x**3 - 3*x**2 + x - 4. Let l be b(2). What is the highest common factor of l and 5?
5
Let w(m) = -m**3 + 8*m**2 - 9*m + 3. Let a be w(6). Let b = -10 + 13. What is the greatest common divisor of a and b?
3
Let a be ((2 - 1)*3)/1. Sup